{"id":6224,"date":"2026-03-05T17:20:24","date_gmt":"2026-03-05T16:20:24","guid":{"rendered":"https:\/\/www.scheibenkleister-hifi.de\/shop\/?post_type=product&#038;p=6224"},"modified":"2026-03-18T18:03:38","modified_gmt":"2026-03-18T17:03:38","slug":"vorfuehrbereit-ortofon-mc-x10-high%e2%80%91end-mc%e2%80%91cartridge-mit-reinem-silber%e2%80%91spulensystem-fuer-praezisen-vinylklang","status":"publish","type":"product","link":"https:\/\/www.scheibenkleister-hifi.de\/shop\/product\/vorfuehrbereit-ortofon-mc-x10-high%e2%80%91end-mc%e2%80%91cartridge-mit-reinem-silber%e2%80%91spulensystem-fuer-praezisen-vinylklang\/","title":{"rendered":"Vorf\u00fchrbereit! Ortofon MC X10 \u2013 High\u2011End MC\u2011Cartridge mit reinem Silber\u2011Spulensystem f\u00fcr pr\u00e4zisen Vinylklang"},"content":{"rendered":"<h3 data-start=\"188\" data-end=\"249\">Hochpr\u00e4ziser Vinylklang \u2013 Ortofon MC X10 MC\u2011Tonabnehmer<\/h3>\n<p data-start=\"250\" data-end=\"816\">Der <strong data-start=\"254\" data-end=\"284\">Ortofon MC X10 Tonabnehmer<\/strong> ist ein neues Moving\u2011Coil\u2011Cartridge, das eine neue Performance\u2011Stufe f\u00fcr analoge Musikwiedergabe definiert. Als Einstieg in die innovative MC\u2011X\u2011Serie von Ortofon kombiniert dieser Tonabnehmer h\u00f6chste Pr\u00e4zision mit fortschrittlicher Technologie und au\u00dfergew\u00f6hnlicher Klangqualit\u00e4t. Mit einer elliptischen Nadel, einem neu entwickelten Magnet\u2011System und einem reinen Silber\u2011Spulensystem setzt der <strong data-start=\"680\" data-end=\"710\">Ortofon MC X10 Tonabnehmer<\/strong> neue Ma\u00dfst\u00e4be f\u00fcr dynamischen, klaren und detailreichen Vinyl\u2011Sound.<\/p>\n<hr data-start=\"818\" data-end=\"821\" \/>\n<h3 data-start=\"823\" data-end=\"874\">Klangqualit\u00e4t des Ortofon MC X10 Tonabnehmers<\/h3>\n<p data-start=\"875\" data-end=\"1277\">Der <strong data-start=\"879\" data-end=\"909\">Ortofon MC X10 Tonabnehmer<\/strong> liefert eine beeindruckend klare und dynamische Musikwiedergabe. Durch die elliptische Nadel wird die Schallplattenrille pr\u00e4zise abgetastet und feinste Details h\u00f6rbar gemacht. Zus\u00e4tzlich sorgt der Einsatz eines reinen Silber\u2011Spulensystems f\u00fcr au\u00dfergew\u00f6hnliche Signalklarheit ohne Verzerrungen \u2013 selbst bei komplexen Musikpassagen.<\/p>\n<p data-start=\"1279\" data-end=\"1311\">Die Klangcharakteristik umfasst:<\/p>\n<ul data-start=\"1313\" data-end=\"1423\">\n<li data-start=\"1313\" data-end=\"1332\">\n<p data-start=\"1315\" data-end=\"1332\">brillante H\u00f6hen<\/p>\n<\/li>\n<li data-start=\"1333\" data-end=\"1354\">\n<p data-start=\"1335\" data-end=\"1354\">nat\u00fcrliche Mitten<\/p>\n<\/li>\n<li data-start=\"1355\" data-end=\"1393\">\n<p data-start=\"1357\" data-end=\"1393\">kontrollierten, musikalischen Bass<\/p>\n<\/li>\n<li data-start=\"1394\" data-end=\"1423\">\n<p data-start=\"1396\" data-end=\"1423\">transparente R\u00e4umlichkeit<\/p>\n<\/li>\n<\/ul>\n<p data-start=\"1425\" data-end=\"1536\">So wird Ihre Vinyl\u2011Sammlung mit au\u00dfergew\u00f6hnlicher Pr\u00e4zision wiedergegeben.<\/p>\n<hr data-start=\"1538\" data-end=\"1541\" \/>\n<h3 data-start=\"1543\" data-end=\"1600\">F\u00fcr wen eignet sich der Ortofon MC X10 Tonabnehmer?<\/h3>\n<p data-start=\"1601\" data-end=\"1784\">Der <strong data-start=\"1605\" data-end=\"1635\">Ortofon MC X10 Tonabnehmer<\/strong> ist ideal f\u00fcr Vinyl\u2011Fans und Musikliebhaber, die nach einem hochwertigen MC\u2011System mit \u00fcberlegener Detailtreue suchen. Er eignet sich besonders f\u00fcr:<\/p>\n<ul data-start=\"1786\" data-end=\"1974\">\n<li data-start=\"1786\" data-end=\"1826\">\n<p data-start=\"1788\" data-end=\"1826\">audiophile Einsteiger ins MC\u2011Segment<\/p>\n<\/li>\n<li data-start=\"1827\" data-end=\"1878\">\n<p data-start=\"1829\" data-end=\"1878\">Hi\u2011Fi\u2011Plattenspieler mit Phono\u2011MC\u2011Vorverst\u00e4rker<\/p>\n<\/li>\n<li data-start=\"1879\" data-end=\"1922\">\n<p data-start=\"1881\" data-end=\"1922\">Musikliebhaber mit Fokus auf Klangtreue<\/p>\n<\/li>\n<li data-start=\"1923\" data-end=\"1974\">\n<p data-start=\"1925\" data-end=\"1974\">Upgrade von Standard\u2011MM\u2011 oder Einstiegssystemen<\/p>\n<\/li>\n<\/ul>\n<p data-start=\"1976\" data-end=\"2140\">Dank seiner universellen \u00bd\u2011Zoll\u2011Montage l\u00e4sst sich der <strong data-start=\"2031\" data-end=\"2061\">Ortofon MC X10 Tonabnehmer<\/strong> problemlos auf vielen Tonarmen montieren.<\/p>\n<hr data-start=\"2142\" data-end=\"2145\" \/>\n<h3 data-start=\"2147\" data-end=\"2193\">Vorteile des Ortofon MC X10 Tonabnehmers<\/h3>\n<p data-start=\"2194\" data-end=\"2255\">Dieses MC\u2011System zeichnet sich durch zahlreiche Vorteile aus:<\/p>\n<ul data-start=\"2257\" data-end=\"2535\">\n<li data-start=\"2257\" data-end=\"2314\">\n<p data-start=\"2259\" data-end=\"2314\">hochwertige elliptische Nadel f\u00fcr pr\u00e4zise Spurf\u00fchrung<\/p>\n<\/li>\n<li data-start=\"2315\" data-end=\"2383\">\n<p data-start=\"2317\" data-end=\"2383\">Spulen aus hochreinem Silber f\u00fcr au\u00dfergew\u00f6hnliche Signalklarheit<\/p>\n<\/li>\n<li data-start=\"2384\" data-end=\"2441\">\n<p data-start=\"2386\" data-end=\"2441\">neu entwickeltes Magnet\u2011System f\u00fcr maximale Effizienz<\/p>\n<\/li>\n<li data-start=\"2442\" data-end=\"2501\">\n<p data-start=\"2444\" data-end=\"2501\">fortschrittliches D\u00e4mpfungssystem f\u00fcr stabile Abtastung<\/p>\n<\/li>\n<li data-start=\"2502\" data-end=\"2535\">\n<p data-start=\"2504\" data-end=\"2535\">modernes, hochwertiges Design<\/p>\n<\/li>\n<\/ul>\n<p data-start=\"2537\" data-end=\"2743\">Der <strong data-start=\"2541\" data-end=\"2571\">Ortofon MC X10 Tonabnehmer<\/strong> vereint technische Innovation mit musikalischer Ausdruckskraft \u2013 ideal f\u00fcr Vinyl\u2011Liebhaber, die Wert auf hochwertige Wiedergabe legen.<\/p>\n<hr data-start=\"2745\" data-end=\"2748\" \/>\n<h3 data-start=\"2750\" data-end=\"2806\">Pflege und Wartung des Ortofon MC X10 Tonabnehmers<\/h3>\n<p data-start=\"2807\" data-end=\"2941\">Damit der <strong data-start=\"2817\" data-end=\"2847\">Ortofon MC X10 Tonabnehmer<\/strong> dauerhaft hervorragende Klangqualit\u00e4t liefert, sollten folgende Ma\u00dfnahmen eingehalten werden:<\/p>\n<ul data-start=\"2943\" data-end=\"3168\">\n<li data-start=\"2943\" data-end=\"3016\">\n<p data-start=\"2945\" data-end=\"3016\">Nadel regelm\u00e4\u00dfig vorsichtig mit einer speziellen Nadelb\u00fcrste reinigen<\/p>\n<\/li>\n<li data-start=\"3017\" data-end=\"3063\">\n<p data-start=\"3019\" data-end=\"3063\">Schallplatten vor dem Abspielen entstauben<\/p>\n<\/li>\n<li data-start=\"3064\" data-end=\"3108\">\n<p data-start=\"3066\" data-end=\"3108\">Empfohlene Auflagekraft exakt einstellen<\/p>\n<\/li>\n<li data-start=\"3109\" data-end=\"3168\">\n<p data-start=\"3111\" data-end=\"3168\">Tonabnehmer vor St\u00f6\u00dfen, Staub und Feuchtigkeit sch\u00fctzen<\/p>\n<\/li>\n<\/ul>\n<p data-start=\"3170\" data-end=\"3276\">Diese Pflege verl\u00e4ngert die Lebensdauer und erh\u00e4lt den Premium\u2011Sound.<\/p>\n<hr data-start=\"3278\" data-end=\"3281\" \/>\n<h2 data-start=\"3283\" data-end=\"3302\">Technische Daten<\/h2>\n<ul data-start=\"3304\" data-end=\"4006\">\n<li data-start=\"3304\" data-end=\"3347\">\n<p data-start=\"3306\" data-end=\"3347\"><strong data-start=\"3306\" data-end=\"3318\">Produkt:<\/strong> Ortofon MC X10 Tonabnehmer<\/p>\n<\/li>\n<li data-start=\"3348\" data-end=\"3387\">\n<p data-start=\"3350\" data-end=\"3387\"><strong data-start=\"3350\" data-end=\"3358\">Typ:<\/strong> Moving Coil (MC) Cartridge<\/p>\n<\/li>\n<li data-start=\"3388\" data-end=\"3420\">\n<p data-start=\"3390\" data-end=\"3420\"><strong data-start=\"3390\" data-end=\"3407\">Nadelschliff:<\/strong> Elliptisch<\/p>\n<\/li>\n<li data-start=\"3421\" data-end=\"3480\">\n<p data-start=\"3423\" data-end=\"3480\"><strong data-start=\"3423\" data-end=\"3440\">Spulensystem:<\/strong> Vierfach\u2011Spulen aus hochreinem Silber<\/p>\n<\/li>\n<li data-start=\"3481\" data-end=\"3556\">\n<p data-start=\"3483\" data-end=\"3556\"><strong data-start=\"3483\" data-end=\"3501\">Magnet\u2011System:<\/strong> neu entwickelter Polzylinder mit hinterem Magnetjoch<\/p>\n<\/li>\n<li data-start=\"3557\" data-end=\"3609\">\n<p data-start=\"3559\" data-end=\"3609\"><strong data-start=\"3559\" data-end=\"3580\">Ausgangsspannung:<\/strong> 0,4 mV (bei 1 kHz, 5 cm\/s)<\/p>\n<\/li>\n<li data-start=\"3610\" data-end=\"3655\">\n<p data-start=\"3612\" data-end=\"3655\"><strong data-start=\"3612\" data-end=\"3632\">Frequenzbereich:<\/strong> 20 Hz \u2013 20 kHz \u00b12 dB<\/p>\n<\/li>\n<li data-start=\"3656\" data-end=\"3696\">\n<p data-start=\"3658\" data-end=\"3696\"><strong data-start=\"3658\" data-end=\"3675\">Kanalbalance:<\/strong> 0,5 dB (bei 1 kHz)<\/p>\n<\/li>\n<li data-start=\"3697\" data-end=\"3737\">\n<p data-start=\"3699\" data-end=\"3737\"><strong data-start=\"3699\" data-end=\"3717\">Kanaltrennung:<\/strong> 24 dB (bei 1 kHz)<\/p>\n<\/li>\n<li data-start=\"3738\" data-end=\"3787\">\n<p data-start=\"3740\" data-end=\"3787\"><strong data-start=\"3740\" data-end=\"3776\">Compliance (dynamisch, lateral):<\/strong> 13 \u03bcm\/mN<\/p>\n<\/li>\n<li data-start=\"3788\" data-end=\"3826\">\n<p data-start=\"3790\" data-end=\"3826\"><strong data-start=\"3790\" data-end=\"3818\">Empfohlene Auflagekraft:<\/strong> 2,0 g<\/p>\n<\/li>\n<li data-start=\"3827\" data-end=\"3866\">\n<p data-start=\"3829\" data-end=\"3866\"><strong data-start=\"3829\" data-end=\"3854\">Nadeltr\u00e4ger\u2011Material:<\/strong> Aluminium<\/p>\n<\/li>\n<li data-start=\"3867\" data-end=\"3896\">\n<p data-start=\"3869\" data-end=\"3896\"><strong data-start=\"3869\" data-end=\"3890\">Interne Impedanz:<\/strong> 6 \u03a9<\/p>\n<\/li>\n<li data-start=\"3897\" data-end=\"3938\">\n<p data-start=\"3899\" data-end=\"3938\"><strong data-start=\"3899\" data-end=\"3929\">Empfohlene Lastwiderstand:<\/strong> &gt; 50 \u03a9<\/p>\n<\/li>\n<li data-start=\"3939\" data-end=\"3961\">\n<p data-start=\"3941\" data-end=\"3961\"><strong data-start=\"3941\" data-end=\"3953\">Gewicht:<\/strong> 8,6 g<\/p>\n<\/li>\n<li data-start=\"3962\" data-end=\"4006\">\n<p data-start=\"3964\" data-end=\"4006\"><strong data-start=\"3964\" data-end=\"3980\">Befestigung:<\/strong> Standard\u2011\u00bd\u2011Zoll\u2011Montage<\/p>\n<\/li>\n<\/ul>\n<p data-start=\"4008\" data-end=\"4093\">(Alle technischen Daten laut Herstellerangaben.)<\/p>\n","protected":false},"excerpt":{"rendered":"<p>Der <strong data-start=\"5118\" data-end=\"5148\">Ortofon MC X10 Tonabnehmer<\/strong> ist ein innovatives MC\u2011Cartridge mit hochreinem Silber\u2011Spulensystem und elliptischer Nadel f\u00fcr klaren, detailreichen Vinylklang. DIESES PRODUKT KANN NUR DIREKT BEI UNS IM GESCH\u00c4FT ERWORBEN WERDEN! KEIN VERSAND!<\/p>\n","protected":false},"featured_media":6225,"comment_status":"closed","ping_status":"closed","template":"","meta":{"_acf_changed":false},"product_brand":[348],"product_cat":[327],"product_tag":[344,336,380,385,378,386,379,377,376,330,382,384,388,383,387,381,340],"class_list":{"0":"post-6224","1":"product","2":"type-product","3":"status-publish","4":"has-post-thumbnail","6":"product_brand-ortofon","7":"product_cat-tonabnehmer","8":"product_tag-audiophile-tonabnehmer","9":"product_tag-hifi-cartridge","10":"product_tag-high-end-mc","11":"product_tag-mc-phono-cartridge","12":"product_tag-mc-tonabnehmer","13":"product_tag-mc-x10-cartridge","14":"product_tag-moving-coil-cartridge","15":"product_tag-ortofon-mc-xserie","16":"product_tag-ortofon-mc-x10","17":"product_tag-ortofon-tonabnehmer","18":"product_tag-plattenspieler-zubehoer","19":"product_tag-praeziser-vinyl-klang","20":"product_tag-schallplatten-tonabnehmer","21":"product_tag-silber-spulensystem","22":"product_tag-vinyl-high-fidelity","23":"product_tag-vinyl-mc-system","24":"product_tag-vinyl-zubehoer","26":"first","27":"outofstock","28":"sold-individually","29":"shipping-taxable","30":"purchasable","31":"product-type-simple"},"acf":[],"_links":{"self":[{"href":"https:\/\/www.scheibenkleister-hifi.de\/shop\/wp-json\/wp\/v2\/product\/6224","targetHints":{"allow":["GET"]}}],"collection":[{"href":"https:\/\/www.scheibenkleister-hifi.de\/shop\/wp-json\/wp\/v2\/product"}],"about":[{"href":"https:\/\/www.scheibenkleister-hifi.de\/shop\/wp-json\/wp\/v2\/types\/product"}],"replies":[{"embeddable":true,"href":"https:\/\/www.scheibenkleister-hifi.de\/shop\/wp-json\/wp\/v2\/comments?post=6224"}],"wp:featuredmedia":[{"embeddable":true,"href":"https:\/\/www.scheibenkleister-hifi.de\/shop\/wp-json\/wp\/v2\/media\/6225"}],"wp:attachment":[{"href":"https:\/\/www.scheibenkleister-hifi.de\/shop\/wp-json\/wp\/v2\/media?parent=6224"}],"wp:term":[{"taxonomy":"product_brand","embeddable":true,"href":"https:\/\/www.scheibenkleister-hifi.de\/shop\/wp-json\/wp\/v2\/product_brand?post=6224"},{"taxonomy":"product_cat","embeddable":true,"href":"https:\/\/www.scheibenkleister-hifi.de\/shop\/wp-json\/wp\/v2\/product_cat?post=6224"},{"taxonomy":"product_tag","embeddable":true,"href":"https:\/\/www.scheibenkleister-hifi.de\/shop\/wp-json\/wp\/v2\/product_tag?post=6224"}],"curies":[{"name":"wp","href":"https:\/\/api.w.org\/{rel}","templated":true}]}}